h(4).
-5
Let g = 23374 + -23340. Let l(h) = -h**3 + 34*h**2 + 2*h - 63. What is l(g)?
5
Let k(i) = 3*i + 46. Suppose s + 2*c + 16 = 0, 3*c + 11 + 9 = -s. Calculate k(s).
22
Let v(h) = h + 6. Suppose -284 = -6*y + 520. Let x = -82 + y. Let c = x - 52. Calculate v(c).
6
Suppose -32 = -j + 4*l + 2, -15 = 3*l. Suppose 3*b - 35 = -j. Let o(t) be the third derivative of -t**4/24 + 7*t**3/6 - 5*t**2. Determine o(b).
0
Let x(y) = -10*y**3 - 4*y**2 + 13*y + 20. Let n(a) = -7*a**3 + 2*a - 3*a**2 - a**2 - 3*a**2 + 2*a**2 + 10*a + 19. Let m(c) = -3*n(c) + 2*x(c). Give m(-8).
-1
Let z(a) be the second derivative of a**7/1260 + 79*a**4/12 - 83*a - 1. Let y(s) be the third derivative of z(s). What is y(2)?
8
Let s(w) = 4873*w**2 - 4872*w**2 + 3*w + 634 + 3*w - 628. Suppose -2*l + 1 = -3. Let g be -1 - 2 - -1 - l. What is s(g)?
-2
Suppose 17*v = 79 + 23. Suppose 2*q - 6 = a, -3*a - 9*q + v = -7*q. Let l(x) be the first derivative of x**3/3 + x**2/2 - 15*x + 3. Determine l(a).
-15
Let s(w) = w + 1. Let b(g) = -6*g - 1. Let k(f) = -b(f) - 3*s(f). Suppose -9*u - 8 = -10*u - 5*h, 0 = -5*u - 2*h + 17. Calculate k(u).
7
Suppose d - 629 = 5*p - 578, -30 = 4*p + d. Let b(h) = -7*h**2 - 9*h. Let m(w) = 15*w**2 + 18*w. Let l(v) = -13*b(v) - 6*m(v). Determine l(p).
0
Let m(a) = a**2 + 7*a + 8. Let t = -14 + 14. Suppose t = -9*o + 4*o. Suppose o = 8*q - 6*q + 12. Determine m(q).
2
Let i(g) be the first derivative of 5*g**4/4 + g**3 - 3*g**2 + 5*g - 287. Let l be i(1). Let d(c) = -c**2 + 9*c - 2. What is d(l)?
12
Suppose 112*h + 162*h = 49*h - 54*h. Let x(b) = -b**3 - b**2 + 2*b + 6. Give x(h).
6
Let q(s) = 3957*s + 67270. Let p be q(-17). Let w(y) = 4*y**2 - y. Let n(m) = -1. Let k(x) = -2*n(x) + w(x). What is k(p)?
5
Let v(f) be the third derivative of -f**6/120 - 7*f**5/20 + 5*f**4/6 - 16*f**3/3 - 2*f**2 + f + 219. Calculate v(-22).
12
Suppose -1481*i + 1476*i - 55 = -5*h, -4*i - 50 = -5*h. Let m(w) = w**2 + 3*w - 23. Calculate m(i).
-13
Let b(d) = 14 + d**2 - d**3 + d - 44 + 32 + 2*d. Let g be 0 + 1*(-12)/(-4). What is b(g)?
-7
Let f = 2 + 7. Suppose -5*u + 4*x = -300, -x + f = 3*u - 154. Let y(w) = 2*w - w**3 + u*w**2 + 3 - 115*w**2 + 63*w**2. Calculate y(4).
11
Suppose 4 = -a - 4*p + 3, 2*p + 11 = 3*a. Let q(c) = -c**2 + 217*c - 1. Let m(f) = f**3 - 4*f**2 + 432*f - 3. Let d(z) = m(z) - 2*q(z). Determine d(a).
2
Let z(d) = 4*d**2 + 11*d + 12. Let t(f) = -6*f**2 - 21*f - 23. Let q(s) = -3*t(s) - 5*z(s). Give q(7).
-33
Let r = -4302 + 4302. Let b(g) be the third derivative of -g**5/60 + g**4/24 - 13*g**3/3 + 7*g**2. Calculate b(r).
-26
Suppose 0 = -2*t + 3 + 7. Let r(v) = -v + 1. Let b be r(t). Let x(i) be the third derivative of -i**6/120 - i**5/15 + 5*i**3/6 - 1402*i**2. What is x(b)?
5
Let p(y) = 5*y**3 + 120*y**2 + 41. Let q be p(-24). Let j(z) = -z**2 + 47*z - 241. Give j(q).
5
Let f(x) = -3*x + 16. Let b = 2825 + -2819. Calculate f(b).
-2
Let k(b) = -b**3 - 8*b**2 + 10*b + 3. Let u(l) = -2*l**2 - 95*l + 138. Let d be u(-49). Determine k(d).
-6
Let w(k) = 44 + 7*k**3 - 8*k - 38 + 4*k**2 - 6*k**3 + 0*k**3. Determine w(-5).
21
Let b(j) = 872*j - 876*j + 68 + 2. Determine b(20).
-10
Suppose 0*q - q = -43 + 41. Let h(x) = 4*x**2 + x + 2. Give h(q).
20
Let h(g) = -g**2 - 29 - 38 + 129*g - 135*g + 67. Suppose 11 = 3*u - d, -3*u - d = -8 - 5. Suppose 2*r + 3*r + u*l + 9 = 0, 4*l - 16 = 0. Calculate h(r).
5
Let u(i) = -31*i**3 + 2*i**2 + 10*i - 6. Let q(v) = 33*v**3 - 2*v**2 - 12*v + 7. Let s(g) = -5*q(g) - 6*u(g). What is s(1)?
20
Let y(q) = q**2 - 8. Let w be y(8). Suppose 0 = -3*m - 4*m + w. Suppose 0 = 12*h - m*h + 4. Let d(o) = -2*o - 1. Give d(h).
1
Let s(v) = -13*v**2 + v + 1. Let u = 1156 - 1158. What is s(u)?
-53
Let l(m) = -18*m + 30. Let h(y) = -53*y + 81. Let a(r) = -3*h(r) + 8*l(r). What is a(0)?
-3
Let o(i) = 35*i - 57*i**2 - 62*i**2 + 30 + 174*i**2 + 4 - 56*i**2. Calculate o(36).
-2
Let w(x) be the third derivative of x**6/120 + 3*x**5/20 + 7*x**4/24 + 11*x**3/6 + 4*x**2 + 170. Determine w(-8).
19
Let v(p) be the third derivative of -p**4/24 + p**3/6 - 186*p**2. Suppose -5*c = 3*o - 11 - 16, 10 = 2*c + o. Give v(c).
-2
Let n = -296 - -288. Let y(u) = -96*u**3 + 8*u**2 + 8*u + 5. Let p(w) = 64*w**3 - 5*w**2 - 5*w - 3. Let z(s) = n*p(s) - 5*y(s). What is z(-1)?
31
Let p = 3627 - 3625. Let k(m) = m - 1. Calculate k(p).
1
Let p(c) = 4*c**3 + 2*c**2 + c - 2. Suppose 3*o = -7*u + 36, -5*o - 2 - 14 = -u. Calculate p(o).
-28
Let m be 0/(-2 - 3 - (-9)/3). Let i(t) = 3*t**2 - 9 + 8 + m*t**2 - t**3 + 4*t + 0 - 2*t**2. Calculate i(3).
-7
Let f(n) = 14*n**2 + 41*n + 6. Let j(p) = 5*p**2 + 14*p + 2. Let l(y) = -4*f(y) + 11*j(y). Suppose 0 = -d - 2*s + 6*s + 3, s + 48 = -5*d. Give l(d).
7
Suppose 5*p = 5*l - 79 - 76, 2*p + 4*l = -38. Let g = -19 - p. Let i(u) = g*u**2 + 3*u - u**2 + 9 + 0*u + 1 + u**3. Calculate i(-7).
-11
Let i(n) = n**2 - 9*n + 12. Let s be i(5). Suppose -2*a - a + 2*m = 4, -4*a + 5*m = 17. Let l(q) = -4*q**2 + 4*q**2 - q**a - 5*q + 10 + 0*q. What is l(s)?
-14
Suppose -144*h + 8 = -140*h. Let d be (5/15*-2)/(h/6). Let x(q) = -3*q**2 - 3*q - 3. Determine x(d).
-9
Let t(a) = 305*a + 0*a**2 - 116*a - a**2 - 44*a + 536 - 43*a. Give t(-5).
1
Suppose 0 = -8*r + 11*r - 93. Let h(p) = p + 38 - 5*p - r. What is h(6)?
-17
Let w(n) be the first derivative of -2*n**2 + 16*n + 132. Determine w(5).
-4
Let c(i) = 6*i**2 - 2*i - 4. Suppose -135*w = -131*w - 5*t - 13, 4*t + 26 = -2*w. What is c(w)?
56
Suppose -2*o = -3*y - 5, 4*o - 16 = -4*y + o. Let k be 6*y - (14 + -10). Let p be (27/9)/((-2)/k). Let b(s) = s**3 + 2*s**2 - 2*s + 2. Give b(p).
-1
Let d(y) = 3*y**2 + 16*y + 31. Let m = -14304 - -14302. Calculate d(m).
11
Let c(z) = -z**2 - 6*z - 4. Suppose -1239*l - 4 = -1238*l. What is c(l)?
4
Let i(q) be the first derivative of -1/3*q**3 + q**2 + 49 + 7*q. Give i(5).
-8
Suppose 30*q + 168 = 51*q. Let n(f) be the second derivative of f**3/6 - 4*f**2 - 5*f + 3. Give n(q).
0
Let z be (15 - -18) + (1 - 6). Let y be 1 + (z/(-4))/(-1). Let q(j) = -j**3 + 8*j**2 - 2*j + 11. What is q(y)?
-5
Let j = -4728 + 4718. Let n(h) = h + 33. Give n(j).
23
Let j(k) = -k**2 + k + 28. Let a be j(5). Suppose 2*c + u = -a, -c - u - 4 = 1. Let x(w) = w**2 + 2*w + 3. What is x(c)?
6
Let u(r) = 2*r**3 - 61*r**2 - 253*r + 523. Let b be u(34). Let h(f) = -f**2 + f + 1. Let n(t) = -2*t**2 + 14*t + 2. Let y(x) = -h(x) + n(x). Give y(b).
1
Let k(l) = -126*l + 9672. Let c be k(77). Let x(h) = -10*h - 298. Determine x(c).
2
Let k(d) = -67*d**3 + 9*d**3 + 3*d**2 + 5*d**2 - 10*d**2 + 2 + d. Calculate k(-1).
57
Let j(n) be the second derivative of 19*n**3/2 + 165*n**2/2 + 2266*n + 1. What is j(-3)?
-6
Let n(h) = -h**2 + 1. Suppose 0 = -2*j + 8, -4*v + 2*j = 7*j. Let u be (-160)/(-30) + v + 1/(-3). What is n(u)?
1
Let o(z) be the first derivative of 1/4*z**4 - 1/3*z**3 + 5 - 2*z**2 - z. Suppose 2*f = -5*f + 21. Give o(f).
5
Let l(w) = w**3 - 16*w**2 + 15*w + 5. Let i(f) = f**2 - 13*f - 30. Let n be i(15). Suppose y + 3*p - 17 = 13, n = -2*y + 5*p + 5. Determine l(y).
5
Let d(u) = 154*u - 72*u + 4 - 81*u - 3. Let h(x) = -x**3 - 11*x**2 + 10*x - 22. Let t be h(-12). Calculate d(t).
3
Let i(q) = 5*q**2 + 17*q + 10. Let g be i(-3). Let o(n) = 16*n - 49. Calculate o(g).
15
Let r(a) be the first derivative of a**7/840 - a**6/60 + a**5/20 + 43*a**3/3 + 28. Let d(o) be the third derivative of r(o). Suppose -2*y + 9 = -1. Give d(y).
5
Let r(c) = -c**2 - 3*c + 3. Let h(u) = -2*u + 18*u**2 - 5*u**2 + 5 - 1 - 6*u. Let v be h(2). Suppose -13 = -9*z - v. Determine r(z).
3
Suppose -3*u = 4*g + 57, -19 = -0*g + g - 4*u. Let k = -17 - g. Let s be (1/(-1))/(k/(-10)). Let t(v) = v**3 + 4*v**2 - 6*v - 5. Give t(s).
0
Suppose a = -k - 5, -k + 5*k + 19 = -5*a. Let z(i) = 30*i - 1. Determine z(a).
29
Let h be (-28)/4 + 5 - (2 - 5). Let s(p) = -6*p**3 + 16*p**3 - h - 7*p**3 - 2*p**3 + 4*p - 3*p**2. Give s(3).
11
Let w(y) = y**2 - 2*y - 2. Let u be w(-2). Let j(s) be the second derivative of -s**5/20 + 5*s**4/12 + 2*s**3/3 + s**2/2 + 39540*s. Calculate j(u).
-11
Suppose 10*a = -19*a - 232. Let o(p) = 3*p + 3. Let j(i) = 7*i + 9. Let d(b) = a*o(b) + 3*j(b). What is d(1)?
0
Let z(r) = -r**3 + 6*r**2 - 3*r - 4. Let o be -2*5/(-10)*(-410)/(-2). Suppose -175 + o = 6*d. What is z(d)?
6
Let j be (-286)/130 + (-42)/(-10). Suppose 